 5
List the prime factors of 47092.
2, 61, 193
List the prime factors of 4230.
2, 3, 5, 47
What are the prime factors of 639?
3, 71
What are the prime factors of 13253?
29, 457
What are the prime factors of 595?
5, 7, 17
List the prime factors of 583.
11, 53
List the prime factors of 7985.
5, 1597
List the prime factors of 580.
2, 5, 29
List the prime factors of 8483.
17, 499
What are the prime factors of 3847?
3847
List the prime factors of 74473.
7, 10639
What are the prime factors of 2390?
2, 5, 239
List the prime factors of 1161.
3, 43
What are the prime factors of 8801?
13, 677
List the prime factors of 10580.
2, 5, 23
List the prime factors of 1447.
1447
List the prime factors of 64282.
2, 32141
What are the prime factors of 41079?
3, 13693
List the prime factors of 1241.
17, 73
What are the prime factors of 148435?
5, 7, 4241
List the prime factors of 3610.
2, 5, 19
What are the prime factors of 24630?
2, 3, 5, 821
List the prime factors of 55095.
3, 5, 3673
What are the prime factors of 3280?
2, 5, 41
What are the prime factors of 59280?
2, 3, 5, 13, 19
List the prime factors of 11680.
2, 5, 73
What are the prime factors of 8705?
5, 1741
List the prime factors of 52096.
2, 11, 37
List the prime factors of 3900.
2, 3, 5, 13
What are the prime factors of 4821?
3, 1607
What are the prime factors of 54225?
3, 5, 241
What are the prime factors of 138431?
17, 479
What are the prime factors of 4120?
2, 5, 103
What are the prime factors of 1263?
3, 421
What are the prime factors of 139?
139
What are the prime factors of 76222?
2, 23, 1657
List the prime factors of 29951.
61, 491
List the prime factors of 727.
727
List the prime factors of 51765.
3, 5, 7, 17, 29
What are the prime factors of 23086?
2, 7, 17, 97
What are the prime factors of 31917?
3, 10639
What are the prime factors of 11?
11
List the prime factors of 366.
2, 3, 61
List the prime factors of 5519.
5519
What are the prime factors of 21083?
29, 727
What are the prime factors of 41059?
19, 2161
What are the prime factors of 2890?
2, 5, 17
List the prime factors of 10107.
3, 1123
List the prime factors of 627.
3, 11, 19
List the prime factors of 1353.
3, 11, 41
List the prime factors of 19170.
2, 3, 5, 71
What are the prime factors of 33008?
2, 2063
List the prime factors of 81404.
2, 47, 433
What are the prime factors of 67699?
67699
What are the prime factors of 128?
2
What are the prime factors of 105?
3, 5, 7
What are the prime factors of 297?
3, 11
What are the prime factors of 841?
29
List the prime factors of 78781.
78781
List the prime factors of 1092.
2, 3, 7, 13
What are the prime factors of 587?
587
List the prime factors of 70830.
2, 3, 5, 787
List the prime factors of 2928.
2, 3, 61
What are the prime factors of 32320?
2, 5, 101
List the prime factors of 42644.
2, 7, 1523
What are the prime factors of 11471?
11471
List the prime factors of 890.
2, 5, 89
What are the prime factors of 32899?
167, 197
What are the prime factors of 427?
7, 61
List the prime factors of 634.
2, 317
What are the prime factors of 16702?
2, 7, 1193
What are the prime factors of 1308?
2, 3, 109
List the prime factors of 3347.
3347
List the prime factors of 5965.
5, 1193
What are the prime factors of 107199?
3, 43, 277
What are the prime factors of 105612?
2, 3, 13, 677
List the prime factors of 15234.
2, 3, 2539
What are the prime factors of 638?
2, 11, 29
What are the prime factors of 45382?
2, 22691
What are the prime factors of 38106?
2, 3, 29, 73
What are the prime factors of 2177?
7, 311
List the prime factors of 639.
3, 71
List the prime factors of 33085.
5, 13, 509
List the prime factors of 8434.
2, 4217
What are the prime factors of 29140?
2, 5, 31, 47
List the prime factors of 52572.
2, 3, 13, 337
What are the prime factors of 15834?
2, 3, 7, 13, 29
What are the prime factors of 3006?
2, 3, 167
List the prime factors of 9198.
2, 3, 7, 73
What are the prime factors of 48737?
13, 23, 163
List the prime factors of 16616.
2, 31, 67
What are the prime factors of 4795?
5, 7, 137
List the prime factors of 41271.
3, 13757
What are the prime factors of 29715?
3, 5, 7, 283
List the prime factors of 1776.
2, 3, 37
List the prime factors of 96812.
2, 24203
List the prime factors of 174342.
2, 3, 7, 593
What are the prime factors of 134353?
134353
List the prime factors of 28258.
2, 71, 199
List the prime factors of 5416.
2, 677
What are the prime factors of 1482?
2, 3, 13, 19
What are the prime factors of 514?
2, 257
List the prime factors of 743.
743
What are the prime factors of 57947?
57947
List the prime factors of 169633.
169633
List the prime factors of 455.
5, 7, 13
List the prime factors of 976.
2, 61
What are the prime factors of 7000?
2, 5, 7
What are the prime factors of 55231?
11, 5021
What are the prime factors of 61034?
2, 30517
What are the prime factors of 4996?
2, 1249
List the prime factors of 29590.
2, 5, 11, 269
List the prime factors of 1396.
2, 349
What are the prime factors of 4022?
2, 2011
List the prime factors of 4612.
2, 1153
What are the prime factors of 38592?
2, 3, 67
List the prime factors of 81764.
2, 20441
What are the prime factors of 733?
733
List the prime factors of 142511.
17, 83, 101
What are the prime factors of 50248?
2, 11, 571
List the prime factors of 9327.
3, 3109
What are the prime factors of 20130?
2, 3, 5, 11, 61
List the prime factors of 37984.
2, 1187
What are the prime factors of 3?
3
List the prime factors of 39780.
2, 3, 5, 13, 17
List the prime factors of 2446.
2, 1223
List the prime factors of 126519.
3, 181, 233
List the prime factors of 1316.
2, 7, 47
What are the prime factors of 4755?
3, 5, 317
List the prime factors of 1906.
2, 953
List the prime factors of 17778.
2, 3, 2963
List the prime factors of 4295.
5, 859
What are the prime factors of 840?
2, 3, 5, 7
List the prime factors of 6539.
13, 503
List the prime factors of 262.
2, 131
What are the prime factors of 169505?
5, 7, 29, 167
List the prime factors of 408.
2, 3, 17
List the prime factors of 10569.
3, 13, 271
What are the prime factors of 45311?
7, 6473
List the prime factors of 83092.
2, 20773
List the prime factors of 1866.
2, 3, 311
What are the prime factors of 1066?
2, 13, 41
List the prime factors of 17693.
13, 1361
List the prime factors of 550.
2, 5, 11
What are the prime factors of 9290?
2, 5, 929
What are the prime factors of 1029?
3, 7
What are the prime factors of 447?
3, 149
What are the prime factors of 7408?
2, 463
List the prime factors of 7.
7
List the prime factors of 1692.
2, 3, 47
What are the prime factors of 18946?
2, 9473
List the prime factors of 10953.
3, 1217
What are the prime factors of 507?
3, 13
List the prime factors of 32578.
2, 7, 13, 179
List the prime factors of 2817.
3, 313
List the prime factors of 1680.
2, 3, 5, 7
List the prime factors of 46937.
11, 17, 251
List the prime factors of 38035.
5, 7607
List the prime factors of 9286.
2, 4643
List the prime factors of 81484.
2, 13, 1567
List the prime factors of 461.
461
What are the prime factors of 2029?
2029
List the prime factors of 1767.
3, 19, 31
List the prime factors of 7915.
5, 1583
List the prime factors of 8671.
13, 23, 29
List the prime factors of 767.
13, 59
List the prime factors of 86573.
86573
List the prime factors of 972.
2, 3
What are the prime factors of 1064?
2, 7, 19
What are the prime factors of 59?
59
What are the prime factors of 3262?
2, 7, 233
What are the prime factors of 3661?
7, 523
List the prime factors of 14319.
3, 37, 43
What are the prime factors of 62005?
5, 12401
List the prime factors of 125771.
173, 727
List the prime factors of 1139.
17, 67
List the prime factors of 5518.
2, 31, 89
List the prime factors of 1735.
5, 347
What are the prime factors of 8152?
2, 1019
List the prime factors of 8398.
2, 13, 17, 19
What are the prime factors of 373?
373
List the prime factors of 1644.
2, 3, 137
List the prime factors of 93.
3, 31
List the prime factors of 6094.
2, 11, 277
List the prime factors of 2813.
29, 97
List the prime factors of 51964.
2, 11, 1181
List the prime factors of 13448.
2, 41
What are the prime factors of 49640?
2, 5, 17, 73
What are the prime factors of 28470?
2, 3, 5, 13, 73
What are the prime factors of 5624?
2, 19, 37
What are the prime fact